e 2.
11110
-22 (base 7) to base 5
-31
23 (base 5) to base 12
11
What is 2 (base 4) in base 16?
2
What is 5 (base 15) in base 8?
5
-13 (base 11) to base 8
-16
43 (base 6) to base 8
33
Convert 1 (base 3) to base 7.
1
What is 1 (base 7) in base 16?
1
-11 (base 7) to base 6
-12
Convert -300 (base 6) to base 8.
-154
What is 10 (base 7) in base 3?
21
What is -d (base 15) in base 3?
-111
Convert -200 (base 3) to base 5.
-33
What is 2 (base 15) in base 2?
10
Convert 58 (base 14) to base 11.
71
-22 (base 11) to base 2
-11000
Convert a (base 11) to base 16.
a
What is -1 (base 10) in base 5?
-1
Convert -100 (base 3) to base 14.
-9
What is 0 (base 5) in base 16?
0
What is 47 (base 10) in base 7?
65
What is 444 (base 6) in base 4?
2230
What is 3 (base 13) in base 4?
3
Convert -49 (base 16) to base 9.
-81
Convert -13 (base 13) to base 12.
-14
Convert -b4 (base 14) to base 7.
-314
-36 (base 16) to base 9
-60
What is -1 (base 12) in base 2?
-1
2 (base 5) to base 16
2
Convert -1 (base 12) to base 2.
-1
-7 (base 10) to base 8
-7
-12 (base 3) to base 7
-5
Convert 1 (base 4) to base 9.
1
Convert 6 (base 15) to base 8.
6
Convert 142 (base 16) to base 8.
502
Convert 130 (base 7) to base 8.
106
What is -3 (base 10) in base 8?
-3
26 (base 7) to base 12
18
Convert -10 (base 12) to base 9.
-13
100 (base 5) to base 6
41
What is 40 (base 13) in base 9?
57
What is 10 (base 14) in base 9?
15
What is 33 (base 6) in base 11?
1a
Convert -1 (base 15) to base 6.
-1
What is -132 (base 6) in base 12?
-48
111110 (base 2) to base 4
332
3 (base 9) to base 13
3
Convert 10 (base 15) to base 7.
21
What is 5 (base 16) in base 13?
5
6d (base 15) to base 12
87
What is 14 (base 16) in base 2?
10100
Convert 25 (base 10) to base 15.
1a
-111100 (base 2) to base 4
-330
-19 (base 12) to base 4
-111
Convert 3 (base 13) to base 11.
3
-96 (base 11) to base 8
-151
Convert 164 (base 9) to base 4.
2023
Convert -1002 (base 3) to base 4.
-131
Convert -21 (base 7) to base 9.
-16
-29 (base 13) to base 11
-32
10 (base 7) to base 8
7
Convert 0 (base 8) to base 15.
0
35 (base 9) to base 4
200
-3 (base 7) to base 16
-3
Convert -28 (base 14) to base 3.
-1100
What is -1 (base 6) in base 11?
-1
-450 (base 7) to base 3
-22120
4d (base 14) to base 9
76
Convert -11 (base 14) to base 6.
-23
-1100 (base 2) to base 14
-c
Convert -16 (base 7) to base 11.
-12
Convert -34 (base 8) to base 2.
-11100
37 (base 8) to base 2
11111
What is 7 (base 8) in base 13?
7
-10 (base 7) to base 4
-13
Convert -178 (base 16) to base 14.
-1cc
1b (base 12) to base 3
212
What is -30 (base 4) in base 10?
-12
What is -12 (base 16) in base 10?
-18
What is 2 (base 10) in base 12?
2
23 (base 11) to base 8
31
Convert f (base 16) to base 10.
15
What is -1000101 (base 2) in base 13?
-54
What is -1001 (base 2) in base 9?
-10
-1111 (base 3) to base 15
-2a
What is 1011 (base 4) in base 11?
63
b8 (base 15) to base 8
255
7 (base 15) to base 4
13
2 (base 15) to base 2
10
Convert -30 (base 4) to base 12.
-10
15 (base 13) to base 10
18
16 (base 7) to base 6
21
Convert -33 (base 7) to base 10.
-24
2 (base 11) to base 13
2
What is 0 (base 14) in base 4?
0
Convert 45 (base 6) to base 8.
35
2 (base 16) to base 12
2
What is 2 (base 9) in base 3?
2
Convert 0 (base 13) to base 5.
0
What is -1200 (base 5) in base 8?
-257
Convert -1a (base 15) to base 3.
-221
What is -112 (base 3) in base 7?
-20
7 (base 16) to base 8
7
Convert -7 (base 14) to base 15.
-7
-1201 (base 3) to base 15
-31
What is -3 (base 14) in base 10?
-3
-176 (base 9) to base 10
-150
11311 (base 4) to base 13
229
-77 (base 13) to base 2
-1100010
Convert 19 (base 10) to base 8.
23
What is 6 (base 14) in base 3?
20
What is -253 (base 9) in base 7?
-420
Convert -120 (base 14) to base 9.
-268
Convert -4a (base 12) to base 14.
-42
Convert -6 (base 8) to base 7.
-6
9 (base 16) to base 10
9
Convert -3 (base 14) to base 5.
-3
Convert 8 (base 10) to base 15.
8
What is -18 (base 16) in base 11?
-22
Convert 24 (base 10) to base 16.
18
What is 167 (base 8) in base 10?
119
Convert 0 (base 7) to base 6.
0
Convert -377 (base 10) to base 9.
-458
3 (base 7) to base 12
3
-12 (base 4) to base 6
-10
What is -2000 (base 4) in base 9?
-152
Convert -3310 (base 4) to base 10.
-244
Convert 420 (base 8) to base 7.
536
Convert 1011 (base 4) to base 2.
1000101
Convert 9 (base 15) to base 2.
1001
Convert -1 (base 16) to base 7.
-1
What is 7 (base 10) in base 9?
7
Convert -1021 (base 3) to base 8.
-42
What is 110 (base 3) in base 14?
c
Convert 29 (base 13) to base 6.
55
Convert -18 (base 15) to base 8.
-27
102122 (base 3) to base 9
378
What is -135 (base 10) in base 2?
-10000111
What is 102 (base 12) in base 4?
2102
-133 (base 7) to base 12
-61
Convert -23 (base 7) to base 9.
-18
Convert -101 (base 10) to base 9.
-122
What is -32 (base 5) in base 14?
-13
Convert 164 (base 10) to base 14.
ba
Convert -200 (base 3) to base 12.
-16
What is 2 (base 9) in base 2?
10
What is -214 (base 10) in base 15?
-e4
Convert -31 (base 8) to base 13.
-1c
Convert -62 (base 10) to base 6.
-142
Convert a (base 16) to base 7.
13
-5 (base 7) to base 2
-101
Convert 2 (base 13) to base 15.
2
What is 200 (base 5) in base 8?
62
Convert -2 (base 16) to base 8.
-2
Convert 7 (base 14) to base 7.
10
What is 130 (base 7) in base 16?
46
10 (base 15) to base 3
120
Convert -aa (base 14) to base 9.
-176
Convert -237 (base 9) to base 15.
-d1
Convert 7 (base 10) to base 8.
7
-10 (base 3) to base 10
-3
-b (base 12) to base 16
-b
What is 1 (base 3) in base 13?
1
What is 6 (base 9) in base 8?
6
2 (base 3) to base 8
2
-6 (base 11) to base 10
-6
44 (base 8) to base 13
2a
26 (base 7) to base 10
20
What is -2 (base 6) in base 2?
-10
15a (base 11) to base 10
186
Convert -c (base 15) to base 2.
-1100
Convert -3 (base 6) to base 11.
-3
-210 (base 5) to base 2
-110111
What is -2 (base 7) in base 9?
-2
-11 (base 3) to base 15
-4
Convert 8e (base 16) to base 5.
1032
What is 6 (base 11) in base 16?
6
-1 (base 15) to base 4
-1
What is 111110 (base 2) in base 12?
52
What is -80 (base 11) in base 3?
-10021
What is -2 (base 7) in base 5?
-2
Convert -21 (base 4) to base 11.
-9
What is -7 (base 8) in base 5?
-12
Convert 28 (base 14) to base 4.
210
Convert -4 (base 6) to base 10.
-4
-1 (base 2) to base 7
-1
What is -111110 (base 2) in base 15?
-42
What is -123 (base 6) in base 12?
-43
-31 (base 4) to base 12
-11
Convert -4 (base 6) to base 11.
-4
1 (base 8) to base 7
1
Convert -2b (base 16) to base 5.
-133
Convert -67 (base 10) to base 7.
-124
What is 20 (base 12) in base 13?
1b
What is 205 (base 6) in base 14?
57
Convert -c7 (base 13) to base 2.
-10100011
What is 22 (base 12) in base 3?
222
-2221 (base 3) to base 11
-72
Convert -1 (base 10) to base 11.
-1
1 (base 9) to base 3
1
-311 (base 4) to base 12
-45
What is -5 (base 12) in base 14?
-5
Convert 0 (base 3) to base 7.
0
What is 19 (base 11) in base 10?
20
What is 0 (base 12) in base 14?
0
Convert 66 (base 16) to base 7.
204
Convert -11 (base 2) to base 7.
-3
What is 8 (base 11) in base 10?
8
Convert -7 (base 15) to base 10.
-7
Convert -2020 (base 4) to base 14.
-9a
What is -4 (base 16) in base 8?
-4
-b (base 16) to base 5
-21
-124 (base 6) to base 13
-40
What is -101 (base 3) in base 14?
-a
What is -2 (base 4) in base 9?
-2
-e (base 16) to base 6
-22
What is -125 (base 9) in base 11?
-95
-5 (base 16) to base 3
-12
What is -1100 (base 2) in base 11?
-11
-1100 (base 3) to base 6
-100
-d (base 15) to base 10
-13
What is -1 (base 9) in base 12?
-1
What is 7d (base 16) in base 12?
a5
Convert 1313 (base 4) to base 15.
7e
Convert -10 (base 4) to base 16.
-4
What is -44 (base 6) in base 15?
-1d
What is -1 (base 7) in base 9?
-1
Convert 101011 (base 2) to base 4.
223
What is -324 (base 6) in base 3?
-11121
What is -21 (base 6) in base 3?
-111
What is -1d (base 16) in base 3?
-1002
What is -ab (base 15) in base 16?
-a1
100 (base 2) to base 12
4
What is -10011 (base 2) in base 15?
-14
Convert -8 (base 13) to base 6.
-12
What is -273 (base 10) in base 6?
-1133
-60 (base 10) to base 16
-3c
What is 101 (base 5) in base 14?
1c
12 (base 6) to base 15
8
What is -6 (base 11) in base 13?
-6
Convert -3 (base 8) to base 16.
-3
3 (base 14) to base 7
3
-143 (base 7) to base 2
-1010000
Convert 0 (base 13) to base 9.
0
1 (base 3) to base 9
1
Convert 24 (b